lculate the remainder when z is divided by 17.
15
Let o(u) = u**3 + 3*u - 3. What is the remainder when 48/2*8/6 is divided by o(2)?
10
Let m(r) = -2*r**3 - 5*r**2 + 8*r + 5. Let g = -12 - -35. What is the remainder when m(-5) is divided by g?
21
Let v(x) = 7*x - 6. Let g be v(-8). What is the remainder when g/(-3) - 6/(-18) is divided by 8?
5
Suppose -w - 4*w = -10. Calculate the remainder when (-2)/4 + 7/2 is divided by w.
1
Let z(f) = -23*f**3. Let k = 3 + 5. Calculate the remainder when z(-1) is divided by k.
7
Suppose -2*o - 2*s + s = -295, -5*o - 3*s = -740. What is the remainder when o is divided by 37?
34
Suppose 0 = -4*i + 5*k + 65, 7*k + 20 = i + 2*k. Let f = 5 + -3. Suppose 77 + 9 = f*x. What is the remainder when x is divided by i?
13
Calculate the remainder when 2*(-3)/12*-106 is divided by 19.
15
Let w(o) = -2*o + 1. Let f be w(-1). Suppose -58 + 14 = -4*y - f*q, -2*y + 48 = -5*q. What is the remainder when 39 is divided by y?
11
Let g be (-10)/14 + 4/(-14). What is the remainder when (-122)/(-8) + g/4 is divided by 4?
3
Suppose n + 1 = 4. Suppose 4 = -2*g, n*z = -2*z + 4*g + 128. What is the remainder when 94 is divided by z?
22
Let n = -110 - -212. What is the remainder when n is divided by 35?
32
Let d = -14 + 21. Calculate the remainder when d is divided by 2.
1
Suppose 3*n - 12 = 2*n + 3*p, 0 = -n + 5*p + 20. Suppose -3*s - s + 20 = n. Suppose 0*m - s*m = -80. Calculate the remainder when 31 is divided by m.
15
Calculate the remainder when 59 is divided by 22 + -12 + (-1 - -1*1).
9
Suppose 5*k = -6*k + 187. What is the remainder when k is divided by 11?
6
Suppose 3*y = -y + 4*c + 28, -3*c = -2*y + 17. Let k(m) = 7*m + 7. Calculate the remainder when k(y) is divided by (-4)/(-6) + 34/3.
11
Let a be 3 + 9/6*-118. Calculate the remainder when 56 is divided by a/2*2/(-6).
27
Suppose 0 = -n, 0 = 3*a + 2*a + n - 300. Calculate the remainder when 118 is divided by a.
58
Suppose -5*k - 4*i + 1 = -4, -2*k = -3*i - 25. Suppose 0 = -5*d + 63 - 53. What is the remainder when k is divided by d?
1
Let u be (1 - (0 - 60)) + -1. Let y be (u/14)/(2/28). Suppose 2*b + b - y = 0. What is the remainder when b is divided by 7?
6
Suppose -2*l = -45 + 7. Calculate the remainder when 73 is divided by l.
16
Suppose 8*m = 2*m + 288. What is the remainder when m is divided by 10?
8
Let s = 80 + 23. What is the remainder when s is divided by 35?
33
Let v = 8 - -5. Let o = 24 + -20. What is the remainder when v is divided by o?
1
Calculate the remainder when -20*(72/(-20) - 0) is divided by 19.
15
Let n = -7 - -6. What is the remainder when (-600)/(-6)*n/(-2) is divided by 13?
11
Let n(r) = -43*r - 4. What is the remainder when n(-3) is divided by 32?
29
Suppose 31 = 7*q - 53. Calculate the remainder when q is divided by 7.
5
Suppose 75 = -0*f + 3*f. What is the remainder when 99 is divided by f?
24
Let u be 44/6 + (-6)/(-9). Suppose -2*x + 0 + u = 0. Suppose 4*i = x + 4, 5*t + 2*i = 54. What is the remainder when 19 is divided by t?
9
Calculate the remainder when 46 is divided by (85/15)/(4/3 - 1).
12
Let h be (-48)/(-36)*(-30)/(-4). Suppose f + f = h. What is the remainder when 23 is divided by f?
3
Let n(g) = 1 + 7*g - 1 - 3. Let m = 3 - 0. Calculate the remainder when n(2) is divided by m.
2
Let g(y) = -y**3 + y**2 + y + 5. Let j be g(0). Suppose -c - j*n = -0*n + 16, 3*c + 4*n + 4 = 0. What is the remainder when 6 is divided by c?
2
Suppose 4*x - 66 = -6. Suppose x = 5*w - 0*w. Suppose 3*z - 87 = -w*g, 0 = -3*z - z - 2*g + 122. What is the remainder when z is divided by 17?
15
Let q be ((-184)/(-10))/((-3)/(-15)). Suppose 4*b - 516 = -3*x, 5*b + 0*x - 640 = -5*x. Let y = b - q. Calculate the remainder when y is divided by 14.
12
Suppose -4*y = 4*j, 4*y + 7*j - 2*j = -2. Suppose 5*g = -y*n + 50, -3*n + 2*g = -0*g - 37. Calculate the remainder when n is divided by 8.
7
Let b(r) = -r + 6. Let k be b(0). Suppose -5*j + k + 14 = 0. What is the remainder when 14 is divided by j?
2
Let n = 35 + -13. What is the remainder when n is divided by 12?
10
Let c = 3 + 0. Suppose c*o = 6*o - 12, -23 = -3*q + 4*o. Calculate the remainder when (-385)/(-10) + 2/(-4) is divided by q.
12
Let z = 122 - 119. What is the remainder when 11 is divided by z?
2
Suppose 5*a - 4*x - x - 15 = 0, -3*x - 1 = -2*a. Calculate the remainder when 22 is divided by a.
6
Let u = 59 - -55. Calculate the remainder when u is divided by 29.
27
Suppose 3*a - 33 - 55 = -2*z, 0 = 4*z + 3*a - 188. Calculate the remainder when z is divided by 13.
11
Suppose -3*y = -0*y - 9. Suppose 12 = -y*s - 48. What is the remainder when 6 is divided by 26/10 + 12/s?
0
Suppose 4*b + 5*s - 8 = 0, b = -2*s + 3 - 1. Suppose -5*a + 21 - b = y, -y + 13 = 3*a. Calculate the remainder when 6 is divided by y.
2
Suppose -6 = -z + 15. What is the remainder when z is divided by 11?
10
Suppose 4*j + 5*z - 309 = 0, 302 = -0*j + 4*j - 2*z. Let f = j - 30. Let o = f + -31. Calculate the remainder when o is divided by 8.
7
Let t(j) = -j**3 + j - 3. What is the remainder when 103 is divided by t(-3)?
19
Let w(t) = t + 4. Suppose -1 = -3*f + 2. Let z be (-1)/(-4) + f/(-4). What is the remainder when 6 is divided by w(z)?
2
Suppose -x + 2*x - 78 = 3*w, -x = 2*w - 83. Let y = -56 + x. What is the remainder when 47 is divided by y?
22
Let s = 3 + 7. Calculate the remainder when 4/(-8) + 118/4 is divided by s.
9
Suppose -4*o - 19 = m - 51, 0 = -m - o + 38. Suppose 125 = 5*z + m. What is the remainder when z is divided by 9?
8
Let d be (-10 - 0)/((-4)/2). Let h(n) = 3*n - 4. Let m be h(d). Let w(x) = 6*x - 16. What is the remainder when w(m) is divided by 17?
16
Let m be 3/(-15)*-3*5. Suppose -m*z + 122 - 20 = 0. Calculate the remainder when z is divided by 9.
7
Let r = -78 + 83. Suppose 2*k = -0*k + 16. What is the remainder when k is divided by r?
3
Let b(u) = u**3 - 3*u**2 - 4*u + 6. Let l = 55 + -40. What is the remainder when l is divided by b(4)?
3
Let s(q) = -q**2 + 12*q - 11. What is the remainder when 40 is divided by s(8)?
19
Suppose -2 = 4*j - 6. Suppose 0 = n - j - 3. Suppose n*d + 25 = b, 2*b - 143 = -3*b + 2*d. What is the remainder when b is divided by 10?
9
Suppose f = -4*h + 4, -36 = -3*f + h - 11. Calculate the remainder when (-2 - -7)/((-2)/(-6)) is divided by f.
7
Let f = -52 - -87. Calculate the remainder when 69 is divided by f.
34
Suppose 0 = -3*q + 5*u + 31 + 58, -2*q + 5*u + 51 = 0. Calculate the remainder when q is divided by 0 + -1 - 14*-1.
12
Let v = 5 - 5. Suppose -r - 5*t + t + 19 = v, 4*r = -4*t + 76. Suppose 0 = -5*n, 0 = g + 3*g - 4*n - 40. What is the remainder when r is divided by g?
9
Suppose -27 = -89*b + 88*b. Let v = 44 - 30. Calculate the remainder when b is divided by v.
13
Let d = -476 - -884. Suppose 163 = -5*r + d. What is the remainder when r is divided by 13?
10
Let h = 111 - 96. Calculate the remainder when 55 is divided by h.
10
Let j(l) = -13*l - 13. What is the remainder when j(-4) is divided by 8?
7
Suppose -4*g + 7*n - 2*n = 5, -3*g = 5*n - 40. Calculate the remainder when g is divided by 3.
2
Suppose l + 3*l - 58 = -3*m, -5*l + 56 = 3*m. Calculate the remainder when 3/(-1) + 44 - -2 is divided by m.
21
Let z = -5 - -25. Suppose 0 = s + s - z. Suppose -5*u + 18 = -3*x, -4*x + 5*x - s = -u. What is the remainder when u is divided by 4?
2
Let g(q) = -q**3 + 5*q**2 + 2*q - 4. What is the remainder when 35 is divided by g(4)?
15
Let k = 5 - -11. Let v(o) = -o**2 - 5*o + 4. Calculate the remainder when k is divided by v(-3).
6
Let x = 10 + 2. What is the remainder when x is divided by 5?
2
Let p(z) = 3*z. Let h be p(1). Suppose 3*d - 30 = -3*t, -3*t - t - 44 = -h*d. Suppose -j + d = j. What is the remainder when 16 is divided by j?
4
Let o(f) = f**2 - 7*f - 7. What is the remainder when o(-4) is divided by 15?
7
Let c(y) = 14*y**2 - 11*y + 31. Calculate the remainder when c(3) is divided by 42.
40
Let z(p) = p**2 + 5*p - 7. Let o be z(-6). Let h be o + 1 - 56/(-2). Suppose -5*j + h = -3*j. Calculate the remainder when j is divided by 4.
2
Suppose 2*q - 24 = -4*f + 4, 3*q - f - 49 = 0. Suppose 0 = 4*h - 0*h - 68. Suppose -4*z + 7 = -h. Calculate the remainder when q is divided by z.
4
Let m = 36 + -22. What is the remainder when m is divided by 6?
2
Let y(s) = s**2 - s - 4. Suppose 